t the prime factors of 2489.
19, 131
List the prime factors of 13002.
2, 3, 11, 197
List the prime factors of 1012.
2, 11, 23
What are the prime factors of 1331?
11
What are the prime factors of 12492?
2, 3, 347
What are the prime factors of 423?
3, 47
List the prime factors of 2371.
2371
List the prime factors of 741.
3, 13, 19
List the prime factors of 86692.
2, 21673
What are the prime factors of 72356?
2, 18089
List the prime factors of 2424.
2, 3, 101
List the prime factors of 1301.
1301
List the prime factors of 19825.
5, 13, 61
List the prime factors of 26302.
2, 13151
List the prime factors of 28647.
3, 1061
What are the prime factors of 50292?
2, 3, 11, 127
What are the prime factors of 30690?
2, 3, 5, 11, 31
List the prime factors of 16352.
2, 7, 73
What are the prime factors of 17095?
5, 13, 263
List the prime factors of 2520.
2, 3, 5, 7
What are the prime factors of 91765?
5, 18353
What are the prime factors of 13332?
2, 3, 11, 101
List the prime factors of 2742.
2, 3, 457
What are the prime factors of 2746?
2, 1373
List the prime factors of 46314.
2, 3, 31, 83
What are the prime factors of 12130?
2, 5, 1213
What are the prime factors of 45914?
2, 11, 2087
List the prime factors of 169.
13
List the prime factors of 797.
797
What are the prime factors of 1146?
2, 3, 191
List the prime factors of 33273.
3, 3697
What are the prime factors of 3240?
2, 3, 5
What are the prime factors of 94359?
3, 71, 443
What are the prime factors of 17680?
2, 5, 13, 17
List the prime factors of 11250.
2, 3, 5
What are the prime factors of 12264?
2, 3, 7, 73
What are the prime factors of 2132?
2, 13, 41
List the prime factors of 96486.
2, 3, 13, 1237
List the prime factors of 669.
3, 223
What are the prime factors of 3038?
2, 7, 31
What are the prime factors of 1314?
2, 3, 73
List the prime factors of 5971.
7, 853
What are the prime factors of 49323?
3, 41, 401
What are the prime factors of 33775?
5, 7, 193
List the prime factors of 425.
5, 17
What are the prime factors of 7564?
2, 31, 61
List the prime factors of 1207.
17, 71
List the prime factors of 1204.
2, 7, 43
List the prime factors of 9205.
5, 7, 263
List the prime factors of 7535.
5, 11, 137
What are the prime factors of 50276?
2, 12569
List the prime factors of 2228.
2, 557
What are the prime factors of 856?
2, 107
What are the prime factors of 1090?
2, 5, 109
List the prime factors of 18821.
11, 29, 59
List the prime factors of 22600.
2, 5, 113
What are the prime factors of 249?
3, 83
What are the prime factors of 46655?
5, 7, 31, 43
List the prime factors of 696.
2, 3, 29
List the prime factors of 2230.
2, 5, 223
What are the prime factors of 1561?
7, 223
What are the prime factors of 5388?
2, 3, 449
List the prime factors of 44148.
2, 3, 13, 283
What are the prime factors of 17641?
13, 23, 59
List the prime factors of 90066.
2, 3, 17, 883
What are the prime factors of 13289?
97, 137
What are the prime factors of 2244?
2, 3, 11, 17
What are the prime factors of 13185?
3, 5, 293
What are the prime factors of 1952?
2, 61
What are the prime factors of 966?
2, 3, 7, 23
What are the prime factors of 9773?
29, 337
What are the prime factors of 1421?
7, 29
What are the prime factors of 1160?
2, 5, 29
What are the prime factors of 45188?
2, 11, 13, 79
List the prime factors of 4656.
2, 3, 97
List the prime factors of 38.
2, 19
List the prime factors of 2550.
2, 3, 5, 17
List the prime factors of 12947.
11, 107
What are the prime factors of 6167?
7, 881
What are the prime factors of 1378?
2, 13, 53
List the prime factors of 9530.
2, 5, 953
What are the prime factors of 6396?
2, 3, 13, 41
List the prime factors of 1675.
5, 67
What are the prime factors of 960?
2, 3, 5
What are the prime factors of 42881?
137, 313
List the prime factors of 1016.
2, 127
List the prime factors of 5195.
5, 1039
List the prime factors of 28201.
28201
What are the prime factors of 359?
359
List the prime factors of 860.
2, 5, 43
What are the prime factors of 47628?
2, 3, 7
What are the prime factors of 707?
7, 101
What are the prime factors of 1194?
2, 3, 199
List the prime factors of 449.
449
What are the prime factors of 34709?
61, 569
List the prime factors of 103610.
2, 5, 13, 797
List the prime factors of 1868.
2, 467
List the prime factors of 1765.
5, 353
What are the prime factors of 105745?
5, 21149
List the prime factors of 957.
3, 11, 29
List the prime factors of 18629.
13, 1433
What are the prime factors of 16405?
5, 17, 193
List the prime factors of 6830.
2, 5, 683
List the prime factors of 159.
3, 53
What are the prime factors of 1309?
7, 11, 17
What are the prime factors of 214?
2, 107
What are the prime factors of 91193?
91193
List the prime factors of 6652.
2, 1663
List the prime factors of 51355.
5, 10271
List the prime factors of 7969.
13, 613
List the prime factors of 31339.
7, 11, 37
List the prime factors of 854.
2, 7, 61
List the prime factors of 14899.
47, 317
List the prime factors of 4809.
3, 7, 229
What are the prime factors of 1441?
11, 131
List the prime factors of 747.
3, 83
What are the prime factors of 29963?
19, 83
What are the prime factors of 719?
719
What are the prime factors of 12903?
3, 11, 17, 23
What are the prime factors of 18912?
2, 3, 197
What are the prime factors of 358?
2, 179
What are the prime factors of 8546?
2, 4273
What are the prime factors of 1427?
1427
What are the prime factors of 69620?
2, 5, 59
List the prime factors of 942.
2, 3, 157
List the prime factors of 7489.
7489
What are the prime factors of 1129?
1129
List the prime factors of 1841.
7, 263
What are the prime factors of 24274?
2, 53, 229
List the prime factors of 669.
3, 223
List the prime factors of 1507.
11, 137
What are the prime factors of 57899?
57899
What are the prime factors of 2319?
3, 773
What are the prime factors of 9833?
9833
What are the prime factors of 1231?
1231
List the prime factors of 1307.
1307
List the prime factors of 47212.
2, 11, 29, 37
What are the prime factors of 32522?
2, 7, 23, 101
What are the prime factors of 27530?
2, 5, 2753
List the prime factors of 1018.
2, 509
List the prime factors of 2466.
2, 3, 137
List the prime factors of 2801.
2801
What are the prime factors of 593?
593
What are the prime factors of 4025?
5, 7, 23
What are the prime factors of 2060?
2, 5, 103
What are the prime factors of 6473?
6473
List the prime factors of 9235.
5, 1847
List the prime factors of 4991.
7, 23, 31
List the prime factors of 11564.
2, 7, 59
What are the prime factors of 23488?
2, 367
What are the prime factors of 31115?
5, 7, 127
What are the prime factors of 1157?
13, 89
List the prime factors of 163005.
3, 5, 10867
What are the prime factors of 11931?
3, 41, 97
List the prime factors of 5355.
3, 5, 7, 17
List the prime factors of 45637.
47, 971
What are the prime factors of 38230?
2, 5, 3823
What are the prime factors of 12870?
2, 3, 5, 11, 13
What are the prime factors of 6?
2, 3
What are the prime factors of 145344?
2, 3, 757
List the prime factors of 9813.
3, 3271
List the prime factors of 5373.
3, 199
What are the prime factors of 846?
2, 3, 47
List the prime factors of 4673.
4673
List the prime factors of 36735.
3, 5, 31, 79
List the prime factors of 304.
2, 19
List the prime factors of 5603.
13, 431
What are the prime factors of 13153?
7, 1879
List the prime factors of 2298.
2, 3, 383
What are the prime factors of 1436?
2, 359
What are the prime factors of 11574?
2, 3, 643
What are the prime factors of 9233?
7, 1319
List the prime factors of 121598.
2, 163, 373
What are the prime factors of 8733?
3, 41, 71
List the prime factors of 1251.
3, 139
List the prime factors of 1455.
3, 5, 97
What are the prime factors of 71993?
71993
List the prime factors of 7122.
2, 3, 1187
What are the prime factors of 917?
7, 131
List the prime factors of 51197.
51197
What are the prime factors of 39252?
2, 3, 3271
What are the prime factors of 15334?
2, 11, 17, 41
List the prime factors of 5049.
3, 11, 17
List the prime factors of 4964.
2, 17, 73
What are the prime factors of 10113?
3, 3371
List the prime factors of 6259.
11, 569
What are the prime factors of 1620?
2, 3, 5
List the prime factors of 1838.
2, 919
List the prime factors of 596.
2, 149
List the prime factors of 2732.
2, 683
What 